 Determine o(16).
-1884
Let m(u) = -3*u**3 + 261*u**2 - 40*u + 3488. Give m(87).
8
Let d(c) = -c**3 - 34*c**2 - 10075*c - 353842. Give d(-35).
8
Let u(f) = -16*f**3 - 742*f**2 - 2330*f - 349. Give u(-43).
-5
Let x(m) = -38*m**3 + 19*m**2 + 5*m - 6. What is x(1)?
-20
Let k(p) = -45570*p - 6698788. What is k(-147)?
2
Let q(a) = 4*a**2 + 365*a + 4285. Give q(-76).
-351
Let p(k) = 1427*k - 4603. Give p(3).
-322
Let j(m) = -7*m**3 - 9*m**2 + 181*m + 988. Give j(-5).
733
Let h(u) = -4134*u + 74412. Determine h(18).
0
Let b(v) = 21*v + 3799. Give b(-167).
292
Let d(c) = c**3 + 17*c**2 + 9*c - 491. Give d(-6).
-149
Let k(p) = -97*p**3 - 1069*p**2 - 7*p + 81. Calculate k(-11).
-84
Let d(i) = i**3 - 246*i**2 + 267*i - 5282. Determine d(245).
108
Let z(a) = 5*a**2 + 68*a - 783. Calculate z(-20).
-143
Let r(q) = 129*q**2 - 5*q + 2. Determine r(2).
508
Let b(g) = g**2 + 5789*g - 493309. What is b(84)?
23
Let i(u) = -17*u**3 + 4*u**2 + 156*u + 154. Calculate i(-1).
19
Let a(p) = -7*p + 445. Determine a(-62).
879
Let t(w) = 4*w**3 + 73*w**2 - 25*w + 24. Determine t(-18).
798
Let k(p) = -p**3 - 123*p**2 - 1633*p + 204. Calculate k(-108).
1608
Let a(p) = 95*p**3 - 760*p**2 - 135*p + 1070. Give a(8).
-10
Let n(d) = -5326*d + 4974489. Determine n(934).
5
Let c(w) = -29716*w - 268169. What is c(-9)?
-725
Let o(a) = -a**3 - 600*a**2 + 11725*a - 22298. What is o(-619)?
-14
Let p(v) = -81*v**3 - 10*v**2 + 438*v - 1243. Determine p(3).
-2206
Let w(x) = -376357*x - 3010871. What is w(-8)?
-15
Let r(m) = -21*m**3 + 2*m**2 - 46*m - 482. Give r(-6).
4402
Let c(p) = p**3 - 2589*p**2 + 61577*p - 405. Determine c(24).
3
Let k(f) = -128998*f + 1677037. Calculate k(13).
63
Let h(m) = -51*m**3 + 31*m**2 - 99*m + 48. Give h(3).
-1347
Let u(h) = 3*h**2 - 138*h - 124. Calculate u(47).
17
Let o(t) = 1658588*t + 3317178. Determine o(-2).
2
Let o(j) = j**3 - 167*j**2 + 260*j + 38043. Determine o(164).
-5
Let o(x) = 9268*x - 5801761. Give o(626).
7
Let i(u) = 283*u + 31976. Calculate i(-113).
-3
Let y(d) = -1620*d - 12987. What is y(-8)?
-27
Let s(l) = 34*l**2 - 24*l + 47. Calculate s(2).
135
Let y(d) = -11*d**3 + 31*d**2 + 222*d - 66. Calculate y(-6).
2094
Let b(p) = 2707*p + 48732. Give b(-18).
6
Let k(x) = 8*x**2 - 446*x - 2303. What is k(-5)?
127
Let p(z) = -z**3 - 368*z**2 - 1073*z + 7922. Give p(-365).
-108
Let v(y) = 15*y - 86. Determine v(3).
-41
Let w(h) = -h**3 - 67*h**2 - 624*h - 226. Calculate w(-55).
-2206
Let c(v) = -6*v**3 - 675*v**2 - 318*v + 251. Determine c(-112).
-1765
Let s(f) = -3*f**3 + 55*f**2 + 23*f - 135. Determine s(19).
-420
Let h(c) = 21*c**2 - 100*c + 520. What is h(7)?
849
Let j(x) = -2*x**2 + 5781*x + 17364. Give j(-3).
3
Let i(l) = 6949*l + 2960281. Determine i(-426).
7
Let w(x) = 8*x**2 + 665*x + 10697. Calculate w(-62).
219
Let y(b) = 381*b + 81478. Determine y(-214).
-56
Let y(d) = -12*d**2 + 80*d + 559. Give y(-7).
-589
Let x(h) = h**3 + 207*h**2 + 6921*h - 1478. Determine x(-165).
7
Let g(c) = 12*c**2 + 3626*c + 10866. Determine g(-3).
96
Let b(v) = -238780*v - 2626589. Calculate b(-11).
-9
Let j(q) = q**2 - 451*q + 49913. Determine j(256).
-7
Let k(h) = h**3 + 134*h**2 + 2089*h - 139. Give k(-116).
-255
Let p(r) = 35565*r + 391254. What is p(-11)?
39
Let o(j) = -j**2 - 6468*j - 250872. Give o(-39).
-141
Let r(d) = -6*d**3 - 39*d**2 - 101*d + 24. Calculate r(-3).
138
Let x(m) = -m**3 - 4*m**2 + 331*m + 437. What is x(17)?
-5
Let c(f) = -240*f**2 - 2504*f - 33. Determine c(-10).
1007
Let d(b) = -64490*b + 1418789. Determine d(22).
9
Let t(v) = -3096*v + 9201. Determine t(3).
-87
Let w(d) = -2*d**3 - 263*d**2 - 101*d + 4304. Calculate w(-131).
374
Let y(g) = -820*g - 73573. Determine y(-90).
227
Let k(r) = -41*r**2 - 4779*r + 2102. Calculate k(-117).
-4
Let r(t) = 23*t**2 - 266*t - 3001. Determine r(-7).
-12
Let g(y) = -23909*y - 167374. Determine g(-7).
-11
Let x(l) = -l**2 - 190*l - 4070. Determine x(-24).
-86
Let m(s) = -2*s**3 - 56*s**2 + 107*s + 3469. Determine m(-26).
-2017
Let f(v) = -2*v**3 - 3331*v**2 + 72541*v - 5. Calculate f(-1687).
-5
Let x(g) = 4*g**3 - 972*g**2 - 51844*g + 74. What is x(-45)?
254
Let w(u) = -3*u**3 - 90*u**2 + 157*u + 1969. Determine w(-31).
-15
Let g(b) = -b**2 - 2750*b + 15. What is g(0)?
15
Let f(g) = g**2 + 578*g - 43261. What is f(67)?
-46
Let w(j) = -j**2 - 474*j - 52143. Determine w(-184).
1217
Let d(u) = u**2 + 367*u + 25301. Determine d(-92).
1
Let b(t) = 5764*t + 7377924. Determine b(-1280).
4
Let h(q) = 8640*q - 25958. Calculate h(3).
-38
Let p(s) = -s**3 + 38*s**2 + 296*s - 88. Give p(44).
1320
Let g(n) = -n**3 + 20*n**2 + 65379*n - 1437366. Give g(22).
4
Let l(n) = -n**2 + 169*n - 2767. Calculate l(158).
-1029
Let c(o) = -o**2 - 149*o + 384. Give c(-166).
-2438
Let a(s) = -s**3 - 163*s**2 - 785*s + 1150. What is a(-158)?
360
Let s(z) = -13*z**2 + 982*z - 8060. Determine s(8).
-1036
Let s(a) = -27064*a - 730709. Calculate s(-27).
19
Let z(m) = -2*m**3 - 607*m**2 - 306*m - 911. Calculate z(-303).
-2
Let n(f) = 2*f**2 - 118*f + 1259. Determine n(43).
-117
Let l(y) = -y**2 + 80*y + 533. Determine l(101).
-1588
Let c(q) = -73*q**2 + 838*q - 38. Calculate c(12).
-494
Let v(j) = -3927*j + 310292. Calculate v(79).
59
Let w(x) = 2550*x**2 + 395251*x + 155. What is w(-155)?
0
Let s(y) = 133*y - 316. Give s(9).
881
Let h(g) = 1100*g - 68306. What is h(63)?
994
Let r(s) = 25*s**2 + 682*s + 3649. What is r(-20)?
9
Let s(g) = g**3 - 7*g**2 - 11*g + 119. Calculate s(-8).
-753
Let w(u) = -u**2 + 972*u - 19941. Give w(21).
30
Let h(i) = -28011*i + 56085. Give h(2).
63
Let x(y) = -y**2 - 130321*y + 11998004. Give x(92).
8
Let z(g) = -3784566*g - 98398708. What is z(-26)?
8
Let w(m) = m**2 + 93406*m - 1401319. Give w(15).
-4
Let s(c) = -17*c**3 - 86*c**2 + 211*c + 696. Calculate s(-6).
6
Let x(f) = -102*f**2 + 4239*f + 1835. Determine x(42).
-55
Let f(j) = j**2 + 2392*j - 11970. Calculate f(5).
15
Let f(y) = 14*y**3 - 766*y**2 - 228*y + 446. Determine f(55).
6
Let b(s) = 5373*s - 22202. Give b(4).
-710
Let o(z) = 6*z**2 + 364*z - 243. Determine o(-61).
-121
Let k(w) = 28*w**2 - 379*w + 276. Determine k(0).
276
Let k(d) = 64*d**2 + 1680*d + 129. Determine k(-27).
1425
Let q(z) = z**2 - 26005*z + 208031. What is q(8)?
55
Let i(j) = 234*j**2 + 2834*j + 52. What is i(-12)?
-260
Let y(g) = 15*g**2 - 17*g - 110. Give y(4).
62
Let t(d) = -d**3 + 473*d**2 - 10778*d + 47. Calculate t(24).
-1
Let s(k) = k**3 + 99*k**2 + 1098*k + 740. Determine s(-12).
92
Let o(u) = 67*u**2 - 11898*u - 23800. Give o(-2).
264
Let o(c) = -c**3 + 7*c**2 + 24800*c + 631. Determine o(-154).
-293
Let p(n) = n**3 - 60*n**2 + 148*n + 1212. Give p(57).
-99
Let s(l) = 15*l**3 - 2*l**2 - 36*l - 160. Give s(-4).
-1008
Let u(x) = -14*x**3 - 33*x**2 - 1058*x - 2107. Determine u(-2).
-11
Let d(h) = 6*h**2 + 109*h - 2255. Give d(12).
-83
Let k(y) = 478*y**3 + 16*y**2 - 27*y - 4. Give k(2).
3830
Let d(v) = -4*v**2 - 31208*v + 594373. Give d(19).
-23
Let o(j) = -3*j**2 - 885*j - 64636. Calculate o(-162).
2
Let w(t) = -t**3 + 532*t**2 + 4910*t + 376. Give w(-9).
7
Let r(d) = -5*d**2 + 198*d + 382. Calculate r(41).
95
Let g(d) = 790*d + 22696. Give g(-29).
-214
Let j(b) = 603917*b + 1811741. Give j(-3).
-10
Let r(d) = d**3 - 711*d**2 - 60632*d - 34664. Calculate r(788).
8
Let l(a) = 179*a + 1000. Give l(-14).
-1506
Let d(z) = -18*z**2 - 1173*z - 177. What is d(-65)?
18
Let q(z) = -2953*z - 788397. Give q(-267).
54
Let t(k) = -415766*k + 415749. Give t(1).
-17
Let d(h) = 1537*h + 107581. Calculate d(-70).
-9
Let o(m) = -282*m + 14789. Give o(52).
125
Let o(f) = 20659*f**2 + 1859312*f + 186. Determine o(-90).
6
Let h(u) = 2*u**2 - 92122*u - 829254. Give h(-9).
6
Let r(v) = -1776*v**2 + 42617*v + 175. Calculate r(24).
7
Let j(o) = 57773*o - 57774. Give j(1).
-1
Let h(d) = 271*d + 32938. What is h(-124)?
-666
Let c(i) = -6185*i**2 - 49458*i + 171. Give c(-8).
-5
Let o(h) = 2*h**3 + 385*h**2 - 2094*h + 16624. Determine o(-198).
-8
Let p(k) = 151412*k + 1059875. What is p(-7)?
-9
Let m(y) = 22*y**2 + 3122*y - 9559. Give m(3).
5
Let n(q) = -9494*q + 43316. What is n(5)?
-4154
Let p(c) = c**2 - 24653*c - 221765. Determine p(-9).
193
Let j(r) = 2*r**3 + 13*r**2 + 31*r + 468. Give j(-9).
-216
Let l(c) = 3573*c - 24961. Determine l(7).
50
Let d(v) = v**3 + 3*v**2 - 591*v - 342